of 367979 and 8533.
53
Calculate the greatest common divisor of 2364889884 and 252.
84
What is the highest common factor of 1565276112 and 96?
48
What is the highest common factor of 493136 and 3326288?
1904
What is the highest common divisor of 558723 and 66957?
33
Calculate the greatest common factor of 12126 and 2212854.
282
Calculate the highest common divisor of 484 and 70756202.
242
Calculate the greatest common factor of 35091070 and 28574.
2198
Calculate the highest common factor of 1201 and 13315487.
1201
What is the greatest common divisor of 94177993 and 58?
29
Calculate the greatest common divisor of 752249 and 5305.
1061
Calculate the greatest common factor of 4027044 and 70.
14
What is the greatest common divisor of 1970 and 604330?
10
What is the highest common factor of 198444 and 46506?
138
What is the greatest common factor of 321 and 180182222?
107
Calculate the greatest common divisor of 1199 and 130097.
11
Calculate the greatest common factor of 65490 and 3322290.
1770
What is the highest common factor of 5502186 and 20502?
306
What is the greatest common divisor of 3106 and 351509126?
3106
Calculate the highest common factor of 9793 and 18270.
7
Calculate the greatest common divisor of 23112956 and 11728.
2932
Calculate the highest common divisor of 7956 and 109276.
68
Calculate the highest common divisor of 30115238 and 82.
82
Calculate the highest common divisor of 6312 and 345957564.
3156
Calculate the greatest common factor of 23505 and 4695.
15
Calculate the highest common divisor of 67317696 and 163.
163
What is the highest common factor of 1682 and 164459?
29
What is the highest common divisor of 1026174394 and 322?
322
Calculate the highest common factor of 6695655 and 1065.
1065
What is the greatest common divisor of 154 and 233889544?
14
What is the greatest common factor of 49824 and 65762144?
5536
Calculate the highest common factor of 29078 and 8033032.
938
What is the highest common divisor of 24 and 642977028?
12
What is the greatest common factor of 158 and 830362?
2
What is the highest common factor of 82077762 and 78?
78
What is the greatest common factor of 274770 and 653910?
2130
Calculate the highest common factor of 2975 and 45014725.
2975
What is the highest common divisor of 362121 and 8607?
57
What is the greatest common factor of 147810777 and 9273?
843
What is the greatest common divisor of 4023 and 7886421?
1341
What is the highest common divisor of 31828867 and 889?
889
Calculate the highest common factor of 50 and 7543090.
10
What is the greatest common divisor of 1999836 and 11916?
36
What is the greatest common factor of 15675392 and 56?
8
Calculate the highest common factor of 17023 and 6061.
29
What is the greatest common factor of 1419829950 and 66?
66
What is the highest common factor of 32 and 1355811?
1
What is the greatest common factor of 12 and 45614612?
4
What is the highest common factor of 182600 and 2559139?
913
What is the greatest common factor of 19800279 and 9?
9
What is the greatest common divisor of 612 and 6398307?
153
Calculate the greatest common divisor of 14 and 7244.
2
What is the greatest common divisor of 24122 and 1956346?
14
Calculate the highest common factor of 410547366 and 270.
54
What is the greatest common divisor of 762 and 9476?
2
Calculate the highest common factor of 11211 and 3897.
3
What is the greatest common divisor of 177 and 12437849?
59
Calculate the greatest common factor of 663275 and 625.
25
What is the greatest common factor of 26 and 377696618?
26
Calculate the greatest common factor of 9803112 and 600.
24
What is the greatest common factor of 87 and 504126604?
29
What is the highest common divisor of 339 and 156465111?
339
What is the highest common factor of 56342186 and 1124?
562
What is the highest common divisor of 899 and 696899?
29
What is the highest common factor of 18738 and 18894?
6
What is the greatest common divisor of 706006 and 422?
422
Calculate the greatest common divisor of 25 and 3555220.
5
What is the greatest common divisor of 3527303 and 2021?
47
Calculate the greatest common divisor of 9423 and 1018023228.
9423
What is the greatest common divisor of 10279 and 1155082067?
10279
What is the highest common factor of 7756 and 23396528?
1108
Calculate the greatest common factor of 6040 and 48028570.
1510
What is the greatest common factor of 51653115 and 3420?
855
Calculate the greatest common divisor of 3621 and 1253007219.
3621
Calculate the highest common divisor of 67776 and 11315768.
2824
Calculate the highest common divisor of 437028 and 325164.
948
What is the greatest common divisor of 213050511 and 1622?
811
Calculate the highest common factor of 63546 and 693294.
714
Calculate the greatest common divisor of 1519850 and 381375.
2825
Calculate the highest common divisor of 982 and 19650311.
491
Calculate the highest common divisor of 974129 and 104.
13
What is the highest common factor of 336730 and 1520?
10
Calculate the highest common factor of 1647329322 and 276.
138
Calculate the highest common divisor of 165 and 188606913.
33
Calculate the highest common factor of 22464 and 360256.
832
What is the highest common factor of 31566150 and 1848?
462
Calculate the greatest common divisor of 296 and 81246080.
296
Calculate the highest common divisor of 7374846 and 438.
6
What is the greatest common divisor of 75180 and 1015420?
140
What is the greatest common divisor of 9040 and 842604840?
4520
What is the highest common factor of 175665000 and 1673?
1673
What is the greatest common divisor of 1349 and 2081081?
71
What is the greatest common factor of 56 and 13252904?
56
What is the greatest common factor of 44740419 and 618?
309
Calculate the highest common factor of 189 and 26826401.
7
Calculate the highest common factor of 687 and 392649812.
229
What is the greatest common divisor of 113106 and 1680?
42
What is the highest common factor of 4641391 and 5217?
1739
Calculate the highest common divisor of 3999744 and 42624.
1152
Calculate the greatest common factor of 56773986 and 4494.
642
What is the greatest common divisor of 1316 and 9179429?
329
Calculate the highest common divisor of 361368490 and 8330.
1190
Calculate the greatest common factor of 4469 and 2776561.
41
What is the highest common divisor of 126324 and 532962?
522
What is the greatest common factor of 97733236 and 11764?
692
What is the greatest common divisor of 259746796 and 684?
76
Calculate the greatest common factor of 5713504 and 2501.
61
What is the highest common divisor of 29048173 and 1199?
1199
What is the greatest common factor of 139082754 and 1608?
402
Calculate the highest common factor of 723034 and 1690.
26
What is the highest common divisor of 2370988640 and 80?
80
Calculate the highest common factor of 5525 and 3852810.
65
Calculate the greatest common divisor of 125 and 252615725.
25
Calculate the highest common divisor of 270 and 505792242.
54
What is the highest common divisor of 15548764 and 13300?
532
Calculate the greatest common factor of 57279 and 9017691.
183
What is the highest common factor of 312 and 78503178?
78
What is the highest common factor of 52520 and 8693880?
520
What is the highest common divisor of 6233242 and 6419?
131
Calculate the greatest common divisor of 807381124 and 132.
44
What is the highest common factor of 1078947 and 60075?
2403
What is the greatest common factor of 41600 and 5608?
8
Calculate the highest common factor of 1600988 and 56.
4
Calculate the greatest common factor of 7987211 and 28.
1
Calculate the highest common divisor of 19251470 and 24605.
1295
What is the highest common factor of 2 and 4047677?
1
Calculate the highest common divisor of 6146380 and 40492.
764
What is the greatest common factor of 410859 and 243?
27
What is the highest common divisor of 152769982 and 2308?
1154
Calculate the greatest common factor of 7256834 and 7176.
26
What is the highest common divisor of 454 and 200559721?
227
Calculate the greatest common factor of 6571800 and 11700.
900
Calculate the highest common factor of 6765 and 173348205.
615
Calculate the highest common divisor of 152 and 37291186.
38
What is the highest common divisor of 26352 and 44334?
54
Calculate the greatest common factor 